{"id":5468,"date":"2025-09-17T07:34:18","date_gmt":"2025-09-17T06:34:18","guid":{"rendered":"https:\/\/medicaltravel.ch\/neden-tuerkiye\/seyahat-tarihi\/"},"modified":"2026-01-04T18:13:58","modified_gmt":"2026-01-04T17:13:58","slug":"seyahat-tarihi","status":"publish","type":"page","link":"https:\/\/medicaltravel.ch\/tr\/neden-tuerkiye\/seyahat-tarihi\/","title":{"rendered":"Seyahat tarihi"},"content":{"rendered":"\t\t<div data-elementor-type=\"wp-page\" data-elementor-id=\"5468\" class=\"elementor elementor-5468 elementor-26\" data-elementor-post-type=\"page\">\n\t\t\t\t<div class=\"elementor-element elementor-element-7fa20870 e-flex e-con-boxed wpr-particle-no wpr-jarallax-no wpr-parallax-no wpr-sticky-section-no wpr-equal-height-no e-con e-parent\" data-id=\"7fa20870\" data-element_type=\"container\" data-e-type=\"container\">\n\t\t\t\t\t<div class=\"e-con-inner\">\n\t\t<div class=\"elementor-element elementor-element-9a74a71 e-con-full e-flex wpr-particle-no wpr-jarallax-no wpr-parallax-no wpr-sticky-section-no wpr-equal-height-no e-con e-child\" data-id=\"9a74a71\" data-element_type=\"container\" data-e-type=\"container\">\n\t\t\t\t<div class=\"elementor-element elementor-element-229ca64 elementor-widget elementor-widget-button\" data-id=\"229ca64\" data-element_type=\"widget\" data-e-type=\"widget\" data-widget_type=\"button.default\">\n\t\t\t\t\t\t\t\t\t\t<a class=\"elementor-button elementor-button-link elementor-size-sm\" href=\"https:\/\/www.medicaltravel.ch\/warum-tuerkei\/medizintourismus\/\">\n\t\t\t\t\t\t<span class=\"elementor-button-content-wrapper\">\n\t\t\t\t\t\t\t\t\t<span class=\"elementor-button-text\">T\u0131bbi turizm<\/span>\n\t\t\t\t\t<\/span>\n\t\t\t\t\t<\/a>\n\t\t\t\t\t\t\t\t<\/div>\n\t\t\t\t<div class=\"elementor-element elementor-element-bdac940 elementor-widget elementor-widget-button\" data-id=\"bdac940\" data-element_type=\"widget\" data-e-type=\"widget\" data-widget_type=\"button.default\">\n\t\t\t\t\t\t\t\t\t\t<a class=\"elementor-button elementor-button-link elementor-size-sm\" href=\"https:\/\/www.medicaltravel.ch\/warum-tuerkei\/lasern-tatsachen\/\">\n\t\t\t\t\t\t<span class=\"elementor-button-content-wrapper\">\n\t\t\t\t\t\t\t\t\t<span class=\"elementor-button-text\">LAZERLE G\u0130R\u0130\u015e: GER\u00c7EKLER<\/span>\n\t\t\t\t\t<\/span>\n\t\t\t\t\t<\/a>\n\t\t\t\t\t\t\t\t<\/div>\n\t\t\t\t<div class=\"elementor-element elementor-element-dada928 elementor-widget elementor-widget-button\" data-id=\"dada928\" data-element_type=\"widget\" data-e-type=\"widget\" data-widget_type=\"button.default\">\n\t\t\t\t\t\t\t\t\t\t<a class=\"elementor-button elementor-button-link elementor-size-sm\" href=\"https:\/\/www.medicaltravel.ch\/warum-tuerkei\/staedte-der-tuerkei\/istanbul-als-stadt\/\">\n\t\t\t\t\t\t<span class=\"elementor-button-content-wrapper\">\n\t\t\t\t\t\t\t\t\t<span class=\"elementor-button-text\">T\u00fcrkiye'nin \u015eehirleri<\/span>\n\t\t\t\t\t<\/span>\n\t\t\t\t\t<\/a>\n\t\t\t\t\t\t\t\t<\/div>\n\t\t\t\t<div class=\"elementor-element elementor-element-7a37c23 elementor-widget elementor-widget-button\" data-id=\"7a37c23\" data-element_type=\"widget\" data-e-type=\"widget\" data-widget_type=\"button.default\">\n\t\t\t\t\t\t\t\t\t\t<a class=\"elementor-button elementor-button-link elementor-size-sm\" href=\"https:\/\/www.medicaltravel.ch\/warum-tuerkei\/reisedaten\/\">\n\t\t\t\t\t\t<span class=\"elementor-button-content-wrapper\">\n\t\t\t\t\t\t\t\t\t<span class=\"elementor-button-text\">Seyahat tarihi<\/span>\n\t\t\t\t\t<\/span>\n\t\t\t\t\t<\/a>\n\t\t\t\t\t\t\t\t<\/div>\n\t\t\t\t<\/div>\n\t\t\t\t<div class=\"elementor-element elementor-element-2cbb3a1a elementor-widget elementor-widget-text-editor\" data-id=\"2cbb3a1a\" data-element_type=\"widget\" data-e-type=\"widget\" data-widget_type=\"text-editor.default\">\n\t\t\t\t\t\t\t\t\t\n<h2 class=\"wp-block-heading\">TEDAV\u0130 VER\u0130LER\u0130<\/h2>\n\n<p><strong>T\u00fcrkiye&#8217;deki tedavileriniz i\u00e7in ameliyat tarihleri:<\/strong><\/p>\n\n<p>Tedaviler Pazartesi&#8217;den Cumartesi&#8217;ye kadar mevcuttur. Randevular\u0131 klinik ile g\u00f6r\u00fc\u015ft\u00fckten sonra teyit edece\u011fiz. Cumartesi g\u00fcnleri de bazen tedavi m\u00fcmk\u00fcn olmaktad\u0131r.  <\/p>\n\n<p>Seyahatinizi tam olarak isteklerinize g\u00f6re organize edebiliriz. L\u00fctfen bizimle ileti\u015fime ge\u00e7in. <\/p>\n\n<p>T\u00fcrkiye&#8217;deki kliniklerin kapal\u0131 oldu\u011fu baz\u0131 resmi tatiller \u015funlard\u0131r:<\/p>\n\n<p>1 Ocak: Yeni Y\u0131l G\u00fcn\u00fc<br>23 Nisan: \u00c7ocuk Bayram\u0131<br>1 May\u0131s: \u0130\u015f\u00e7i Bayram\u0131<br>19 May\u0131s: Gen\u00e7lik Bayram\u0131<br>Ramazan Bayram\u0131<br>15 Temmuz: Resmi Tatil<br>Kurban Bayram\u0131<br>30 A\u011fustos: Zafer G\u00fcn\u00fc<br>29 Ekim: Cumhuriyet Bayram\u0131<\/p>\n\n<p>T\u00fcrkiye&#8217;de Paskalya, Y\u00fckseli\u015f G\u00fcn\u00fc, Pentekost bayram\u0131 veya Noel yoktur.<\/p>\n\n<p>Bize diledi\u011finiz zaman <a href=\"mailto:info@medicaltravel.net\">info@medicaltravel.net<\/a> adresinden e-posta yoluyla ula\u015fabilirsiniz.<\/p>\n\n<p>Auf Sie freuen wir uns!<\/p>\n\t\t\t\t\t\t\t\t<\/div>\n\t\t\t\t\t<\/div>\n\t\t\t\t<\/div>\n\t\t\t\t<\/div>\n\t\t","protected":false},"excerpt":{"rendered":"<p>T\u0131bbi turizm LAZERLE G\u0130R\u0130\u015e: GER\u00c7EKLER T\u00fcrkiye&#8217;nin \u015eehirleri Seyahat tarihi TEDAV\u0130 VER\u0130LER\u0130 T\u00fcrkiye&#8217;deki tedavileriniz i\u00e7in ameliyat tarihleri: Tedaviler Pazartesi&#8217;den Cumartesi&#8217;ye kadar mevcuttur. Randevular\u0131 klinik ile g\u00f6r\u00fc\u015ft\u00fckten sonra teyit edece\u011fiz. Cumartesi g\u00fcnleri de bazen tedavi m\u00fcmk\u00fcn olmaktad\u0131r. Seyahatinizi tam olarak isteklerinize g\u00f6re organize edebiliriz. L\u00fctfen bizimle ileti\u015fime ge\u00e7in. T\u00fcrkiye&#8217;deki kliniklerin kapal\u0131 oldu\u011fu baz\u0131 resmi tatiller \u015funlard\u0131r: 1 Ocak: Yeni Y\u0131l G\u00fcn\u00fc23 Nisan: \u00c7ocuk Bayram\u01311 May\u0131s: \u0130\u015f\u00e7i Bayram\u013119 May\u0131s: Gen\u00e7lik Bayram\u0131Ramazan Bayram\u013115 Temmuz: Resmi TatilKurban Bayram\u013130 A\u011fustos: Zafer G\u00fcn\u00fc29 Ekim: Cumhuriyet Bayram\u0131 T\u00fcrkiye&#8217;de Paskalya, Y\u00fckseli\u015f G\u00fcn\u00fc, Pentekost bayram\u0131 veya Noel yoktur. Bize diledi\u011finiz zaman info@medicaltravel.net adresinden e-posta yoluyla ula\u015fabilirsiniz. Auf Sie freuen wir uns!<\/p>\n","protected":false},"author":4,"featured_media":0,"parent":5429,"menu_order":0,"comment_status":"closed","ping_status":"closed","template":"","meta":{"_joinchat":[],"footnotes":""},"class_list":["post-5468","page","type-page","status-publish","hentry"],"acf":[],"_links":{"self":[{"href":"https:\/\/medicaltravel.ch\/tr\/wp-json\/wp\/v2\/pages\/5468","targetHints":{"allow":["GET"]}}],"collection":[{"href":"https:\/\/medicaltravel.ch\/tr\/wp-json\/wp\/v2\/pages"}],"about":[{"href":"https:\/\/medicaltravel.ch\/tr\/wp-json\/wp\/v2\/types\/page"}],"author":[{"embeddable":true,"href":"https:\/\/medicaltravel.ch\/tr\/wp-json\/wp\/v2\/users\/4"}],"replies":[{"embeddable":true,"href":"https:\/\/medicaltravel.ch\/tr\/wp-json\/wp\/v2\/comments?post=5468"}],"version-history":[{"count":0,"href":"https:\/\/medicaltravel.ch\/tr\/wp-json\/wp\/v2\/pages\/5468\/revisions"}],"up":[{"embeddable":true,"href":"https:\/\/medicaltravel.ch\/tr\/wp-json\/wp\/v2\/pages\/5429"}],"wp:attachment":[{"href":"https:\/\/medicaltravel.ch\/tr\/wp-json\/wp\/v2\/media?parent=5468"}],"curies":[{"name":"wp","href":"https:\/\/api.w.org\/{rel}","templated":true}]}}

<div data-elementor-type="wp-page" data-elementor-id="5468" class="elementor elementor-5468 elementor-26" data-elementor-post-type="page">
				<div class="elementor-element elementor-element-7fa20870 e-flex e-con-boxed wpr-particle-no wpr-jarallax-no wpr-parallax-no wpr-sticky-section-no wpr-equal-height-no e-con e-parent" data-id="7fa20870" data-element_type="container" data-e-type="container">
					<div class="e-con-inner">
		<div class="elementor-element elementor-element-9a74a71 e-con-full e-flex wpr-particle-no wpr-jarallax-no wpr-parallax-no wpr-sticky-section-no wpr-equal-height-no e-con e-child" data-id="9a74a71" data-element_type="container" data-e-type="container">
				<div class="elementor-element elementor-element-229ca64 elementor-widget elementor-widget-button" data-id="229ca64" data-element_type="widget" data-e-type="widget" data-widget_type="button.default">
										<a class="elementor-button elementor-button-link elementor-size-sm" href="https://www.medicaltravel.ch/warum-tuerkei/medizintourismus/">
						<span class="elementor-button-content-wrapper">
									<span class="elementor-button-text">Tıbbi turizm</span>
					</span>
					</a>
								</div>
				<div class="elementor-element elementor-element-bdac940 elementor-widget elementor-widget-button" data-id="bdac940" data-element_type="widget" data-e-type="widget" data-widget_type="button.default">
										<a class="elementor-button elementor-button-link elementor-size-sm" href="https://www.medicaltravel.ch/warum-tuerkei/lasern-tatsachen/">
						<span class="elementor-button-content-wrapper">
									<span class="elementor-button-text">LAZERLE GİRİŞ: GERÇEKLER</span>
					</span>
					</a>
								</div>
				<div class="elementor-element elementor-element-dada928 elementor-widget elementor-widget-button" data-id="dada928" data-element_type="widget" data-e-type="widget" data-widget_type="button.default">
										<a class="elementor-button elementor-button-link elementor-size-sm" href="https://www.medicaltravel.ch/warum-tuerkei/staedte-der-tuerkei/istanbul-als-stadt/">
						<span class="elementor-button-content-wrapper">
									<span class="elementor-button-text">Türkiye'nin Şehirleri</span>
					</span>
					</a>
								</div>
				<div class="elementor-element elementor-element-7a37c23 elementor-widget elementor-widget-button" data-id="7a37c23" data-element_type="widget" data-e-type="widget" data-widget_type="button.default">
										<a class="elementor-button elementor-button-link elementor-size-sm" href="https://www.medicaltravel.ch/warum-tuerkei/reisedaten/">
						<span class="elementor-button-content-wrapper">
									<span class="elementor-button-text">Seyahat tarihi</span>
					</span>
					</a>
								</div>
				</div>
				<div class="elementor-element elementor-element-2cbb3a1a elementor-widget elementor-widget-text-editor" data-id="2cbb3a1a" data-element_type="widget" data-e-type="widget" data-widget_type="text-editor.default">
									
<h2 class="wp-block-heading">TEDAVİ VERİLERİ</h2>

<p><strong>Türkiye&#8217;deki tedavileriniz için ameliyat tarihleri:</strong></p>

<p>Tedaviler Pazartesi&#8217;den Cumartesi&#8217;ye kadar mevcuttur. Randevuları klinik ile görüştükten sonra teyit edeceğiz. Cumartesi günleri de bazen tedavi mümkün olmaktadır.  </p>

<p>Seyahatinizi tam olarak isteklerinize göre organize edebiliriz. Lütfen bizimle iletişime geçin. </p>

<p>Türkiye&#8217;deki kliniklerin kapalı olduğu bazı resmi tatiller şunlardır:</p>

<p>1 Ocak: Yeni Yıl Günü<br>23 Nisan: Çocuk Bayramı<br>1 Mayıs: İşçi Bayramı<br>19 Mayıs: Gençlik Bayramı<br>Ramazan Bayramı<br>15 Temmuz: Resmi Tatil<br>Kurban Bayramı<br>30 Ağustos: Zafer Günü<br>29 Ekim: Cumhuriyet Bayramı</p>

<p>Türkiye&#8217;de Paskalya, Yükseliş Günü, Pentekost bayramı veya Noel yoktur.</p>

<p>Bize dilediğiniz zaman <a href="mailto:info@medicaltravel.net">info@medicaltravel.net</a> adresinden e-posta yoluyla ulaşabilirsiniz.</p>

<p>Auf Sie freuen wir uns!</p>
								</div>
					</div>
				</div>
				</div>

<p>Tıbbi turizm LAZERLE GİRİŞ: GERÇEKLER Türkiye&#8217;nin Şehirleri Seyahat tarihi TEDAVİ VERİLERİ Türkiye&#8217;deki tedavileriniz için ameliyat tarihleri: Tedaviler Pazartesi&#8217;den Cumartesi&#8217;ye kadar mevcuttur. Randevuları klinik ile görüştükten sonra teyit edeceğiz. Cumartesi günleri de bazen tedavi mümkün olmaktadır. Seyahatinizi tam olarak isteklerinize göre organize edebiliriz. Lütfen bizimle iletişime geçin. Türkiye&#8217;deki kliniklerin kapalı olduğu bazı resmi tatiller şunlardır: 1 Ocak: Yeni Yıl Günü23 Nisan: Çocuk Bayramı1 Mayıs: İşçi Bayramı19 Mayıs: Gençlik BayramıRamazan Bayramı15 Temmuz: Resmi TatilKurban Bayramı30 Ağustos: Zafer Günü29 Ekim: Cumhuriyet Bayramı Türkiye&#8217;de Paskalya, Yükseliş Günü, Pentekost bayramı veya Noel yoktur. Bize dilediğiniz zaman info@medicaltravel.net adresinden e-posta yoluyla ulaşabilirsiniz. Auf Sie freuen wir uns!</p>
